pose m*r = 9 + i. Is r prime?
False
Let v(h) = 1768*h - 27. Is v(6) a prime number?
False
Let l = 2973 + -1730. Let q = -764 + l. Is q composite?
False
Suppose v = 5*r - 119247, 14456 = r + 2*v - 9389. Is r prime?
False
Suppose f - 3*h + 45 = 0, 4*f - 2*h - 3*h = -145. Is ((-1529)/(-33))/((-2)/f) a composite number?
True
Let a(j) = -j**3 - 6*j**2 - 6*j + 5. Let g be a(-4). Is (-69)/g*((-2)/(-1) + 41) a prime number?
False
Is (-7 - -17) + 3079 - (-2 + 2) composite?
False
Suppose -30*a = -9*a - 155127. Is a composite?
True
Suppose 0 = -16*j + 12*j + 2*t + 50060, 0 = -3*j + 4*t + 37545. Is j a prime number?
False
Let j = -60 + 100. Suppose -3*b - b = -j. Let m(u) = 22*u + 19. Is m(b) a prime number?
True
Let b(o) = o**2 - 5*o + 9. Let a be b(2). Let h(w) = 96*w**2 - 2*w + 5. Is h(a) a composite number?
False
Suppose -335 - 246 = -h. Suppose -5*i - h = 329. Let s = -129 - i. Is s a prime number?
True
Let u = 13 - 11. Suppose -2*n = -d - 1342, u*n - 3*d - 425 = 917. Is n a composite number?
True
Let q(l) = -48*l**2 + 40*l - 35. Let r(c) = -16*c**2 + 13*c - 12. Let y(k) = -4*q(k) + 11*r(k). Is y(9) composite?
False
Suppose 10*y - 7*y - 75024 = -5*x, -2*x + 125021 = 5*y. Is y a prime number?
False
Suppose 3*o = -12, -2*a + 3*o + 682 = -0*a. Let i = a - 132. Is i a composite number?
True
Let i be 2/(-3 - (-4 - 0)). Suppose -2*s = 3*t + i*s - 3946, 3*s + 3960 = 3*t. Is t composite?
True
Suppose 0 = -4*b + 4 + 4. Suppose 0 = b*d - 16 + 8. Suppose 0 = 2*f + 3*i - 647, -d*f = -4*i + 422 - 1766. Is f composite?
False
Let q(a) = 2*a - 3. Let w be q(6). Let b = 10 - w. Is (4 - (0 + b))/1 composite?
False
Suppose 41*r = 22*r + 268489. Is r prime?
False
Is 3*7642/(-36)*-6 composite?
False
Let k = 1459 + 603. Is k prime?
False
Is (-4)/8 - (-24156)/8 a composite number?
False
Suppose r + 5*l - 51 = 11, -2*l = 0. Is r a prime number?
False
Suppose -3*u + 5*b + 12424 = 0, -7*b = -2*u - 6*b + 8285. Is u prime?
False
Suppose -2*t = 3*t - 70. Suppose 0 = -5*i - 10, 2*f - t = -f - 2*i. Suppose -f*v + 170 = -v. Is v prime?
False
Let r(x) = 376*x**2 + 3*x + 3. Is r(2) composite?
True
Let t = -1540 + 2339. Let d = -6 - -9. Suppose -4*i - 546 = -2*k, -i - 3*i + t = d*k. Is k composite?
False
Is ((-1593)/(-54))/(1/2) composite?
False
Suppose -7*t + 67583 = -7044. Is t prime?
False
Let g be (4 - 8)/(-12) - 4/(-6). Is (g + -2)*(-250 + -3) a composite number?
True
Suppose o = 4*o - 9. Suppose o*f = -4*k + 1, 0 = -4*f - 2*k + 9 - 1. Let h = f + 44. Is h composite?
False
Suppose 2*y = -3*y - b + 31090, -4*y = -3*b - 24853. Is y a prime number?
True
Suppose -37*w + 45*w - 5560 = 0. Is w a prime number?
False
Suppose -5*t + 2*x = -x + 2, -5*t = x + 6. Is (-862)/t + (5 - 4) a prime number?
True
Let d = -49204 + 92565. Is d a composite number?
True
Suppose 122*c = 120*c + 121574. Is c a prime number?
False
Suppose 24 = -42*h + 48*h. Is (1965/4 + 2)/(1/h) a composite number?
False
Let o = 78720 - 54049. Is o a prime number?
True
Is 12/24 + (4 - (-55985)/2) a composite number?
False
Let f(y) = -y**2 - 7*y - 3. Let k be f(-6). Suppose -k*v = 2*v. Suppose v*m = -m - 3*h + 76, -3*m = -3*h - 192. Is m a composite number?
False
Suppose 0 = i + 2 + 1. Is (-699)/2*2/3*i composite?
True
Suppose -108 + 19751 = 13*p. Is p a composite number?
False
Suppose -3*p - 1405 = -33082. Is p prime?
True
Suppose 1559 - 413 = 6*b. Is b composite?
False
Suppose -4*i - 2*r - 50 = 0, i - r + 40 = 4*r. Is (-4)/(-30) + (-2128)/i a prime number?
False
Suppose 28*b = 103049 + 303371. Is b a prime number?
False
Let z(d) = 217*d**2 - 11*d - 37. Is z(-3) composite?
False
Let l = -420 - -730. Let c be -7 + (5 - 3) - -9. Suppose 0 = c*z - 54 - l. Is z a prime number?
False
Suppose 0 = 4*l - z - 5, 3*z - 8*z = -15. Let p be 0 + 15/5 + l. Suppose -5*s = 2*n - 0*n - 113, 0 = 5*s + p. Is n a composite number?
False
Let b = -35 - -32. Is 40 - 4*b/(-4) a composite number?
False
Let f(l) = 1 + 1 + 57*l - 9. Let y be f(6). Let g = -40 + y. Is g a composite number?
True
Let b = -1170 - -3055. Suppose -5*t + 1880 = -b. Is t a composite number?
True
Let r be (-15)/(-6) + 2/(-4). Let v(z) = -1 + 3*z**r - 3*z - 7 + 1 + 2*z**2. Is v(5) prime?
True
Is 11373*1/(-6)*-2 composite?
True
Suppose 12545 = 6*p - 4933. Is p a composite number?
True
Let z = 2691 - 1309. Suppose 4609 = 9*f - 2816. Let v = z - f. Is v composite?
False
Let j = -8 + 10. Suppose 11*z = 15*z - 28. Is j/(z/(6447/6)) a prime number?
True
Let w = 118 + -755. Let f = w + 2460. Is f prime?
True
Is 272900/(-40)*2/(-5) composite?
False
Is 19 - -11938 - 5/(-1) a composite number?
True
Let s be (-5)/(-5)*(1 + 3). Let r be (8/12)/(s/6). Is (-95)/(-10)*(r - -5) composite?
True
Let l(n) be the first derivative of n**5/60 - n**4/12 + 101*n**3/3 + 11*n**2/2 - 6. Let r(m) be the second derivative of l(m). Is r(0) a prime number?
False
Suppose 1775633 = 21*x + 44036. Is x a composite number?
False
Let f be (-303)/12*(-8)/(-2). Let t = 190 + f. Is t prime?
True
Let n(u) = 2*u**2 - 7*u. Let g be n(4). Let f(h) = 3*h**3 + 5*h**2 - 4*h + 7. Is f(g) a prime number?
True
Is (-11)/(55/(-890))*(-87)/(-6) prime?
False
Let g = 3 + 1. Suppose 140 = -g*f - f. Is f/(-21)*(-18)/(-4) composite?
True
Let s(n) = n**3 + 17*n**2 - 10*n + 21. Suppose 0 = 17*a - 22*a - 85. Is s(a) a prime number?
True
Let g = 95 + -69. Let j(t) = 4*t**2 - 3*t - 3. Let n be j(6). Let x = n + g. Is x a prime number?
True
Let c(y) be the first derivative of -8*y**3/3 - 9*y**2 + y + 5. Let w be c(-15). Let z = w + 2164. Is z a composite number?
True
Suppose 0 = 2*t - 197 - 275. Let i(k) = -7*k + 48. Let n be i(9). Let o = t + n. Is o a composite number?
True
Let a(s) = -6*s**2 + 4*s + 2. Let m be a(5). Suppose 3 = -5*y - 2. Let b = y - m. Is b composite?
False
Let k(a) = 9*a**3 - 19*a**2 + 17*a - 12. Let q(f) = -8*f**3 + 18*f**2 - 16*f + 11. Let c(g) = -6*k(g) - 7*q(g). Let m be c(9). Is m*1*3/3 prime?
True
Let w(p) = -39*p + 7481. Is w(0) a composite number?
False
Is 99262/93*(-3)/(-2) a composite number?
False
Let l(h) = 4*h**2 - 8*h - 1. Let u be l(7). Let y be -2 + (0 - -3) + -1. Let z = y + u. Is z a composite number?
False
Is (-5)/(5 - 5/((-164310)/(-164316))) a composite number?
True
Let c be (-14358)/8 - (-1)/(-4). Let a = 503 + c. Let i = a + 1927. Is i a prime number?
False
Let j(d) = -39*d + 39. Let z(o) = 19*o - 20. Let n(g) = 3*j(g) + 5*z(g). Is n(-6) composite?
False
Suppose -5*b = -6*b + 708. Suppose -b = -9*x - 177. Is x a composite number?
False
Suppose -5*l = -l + g - 7, 2*g = -10. Suppose l*a + 0 = -3, -y = -5*a - 700. Is y a composite number?
True
Suppose 0 = 5*f - 1196 - 94. Let b = 481 - f. Is b prime?
True
Suppose -5*k + 3*m + 16501 = 0, -10*k + 6588 = -8*k + 5*m. Is k a prime number?
True
Let i = -1164 + 6787. Is i a composite number?
False
Let m(n) = -51*n - 7. Let r be m(-12). Suppose 0 = 4*k + k - r. Suppose 0 = 5*t - 9 - k. Is t composite?
True
Let x = -4100 + 10659. Is x prime?
False
Suppose -i = -4*w + 286, 5*w - 48 = -3*i + 318. Suppose 5*l - 93 = w. Let g = 71 - l. Is g prime?
False
Suppose 6 = -4*x - 2*x. Let h be x/(-2)*0/4. Suppose h = 2*l - 184 - 62. Is l a prime number?
False
Is 4*3/(-12) + 1760 a composite number?
False
Let x(g) = 23601*g**2 - g + 1. Is x(-1) a prime number?
True
Let t = 1762 + -1017. Suppose 3*x + t = 8*x. Is x composite?
False
Let r be (-34)/(-9) + 20/90. Suppose -4684 = -4*s - 3*v, r*v + 3326 = 2*s + 962. Is s composite?
True
Suppose -4*k - w + 25 = -6*w, k = -3*w + 2. Let q(u) = u**2 - 5*u - 4. Let n be q(6). Suppose n*c = k*c - 1011. Is c prime?
True
Let w be (1 - (-7)/(-5))*-5. Is -2 - w*(-900)/8 a composite number?
False
Is 99280/28 + 1 + 4/14 composite?
False
Let s(a) = 181*a**3 + 18*a**2 - 37*a - 5. Is s(9) a prime number?
True
Is (-16)/2*3/6 - -16901 prime?
False
Suppose -78974 = -9*d - 5291. Is d composite?
True
Let a(p) = p**3 - 6*p**2 + 6*p + 1. Let u be a(5). Is 956 + 24/16*(-4)/u prime?
False
Let f(i) be the first derivative of -9 - 14*i + i**2 + 5/3*i**3. Is f(6) a prime number?
False
Suppose -2*u - 67716 = -3*u - 5*j, -5 = j. Is u composite?
False
Suppose 0 = -10*s - 10*s + 246380. Is s composite?
True
Suppose 11*d - 58596 = 18415. Is d prime?
True
Suppose 0 = 6*k - 43 + 19. Is 3 - 6/k*(-512)/1 prime?
False
Suppose 3*w - 10 = -4*i - 3, -3*w = -5